 -4). What is the highest common divisor of d and 54?
9
Suppose -28*b + v + 510 = -23*b, -2*b - 3*v + 204 = 0. What is the greatest common factor of b and 1054?
34
Let z be 21/(-7 + 0)*(-5)/1. Suppose -5*m + 110 = 5*x, 11*m - 7*m = 5*x - 155. Calculate the greatest common factor of x and z.
3
Let v(j) = j**2 + 3*j. Let n be v(-3). Let b(m) = 6 - m**2 - 10*m + 5 - 3*m + 17*m. Let d be b(n). Calculate the greatest common divisor of d and 66.
11
Let s(w) = 44*w**3 - w**2 - 12*w + 13. Let u be s(1). Suppose -3*c + 51 = -0*c. Suppose c + 16 = 3*l. Calculate the greatest common divisor of u and l.
11
Suppose -3*d + 15 + 12 = 0. Suppose 0 = 3*c + 4*l - 1431, -36*c + 32*c - l = -1908. Calculate the greatest common divisor of d and c.
9
Suppose 37 = 14*k - w - 50, 5*w + 15 = 0. What is the highest common factor of k and 7422?
6
Let g be 6/(-4)*(-34)/(-255) + 426/30. Suppose 4*d + d = 245. Calculate the highest common factor of g and d.
7
Let p(z) = -z**3 - 32*z**2 - 55*z + 243. Let n be p(-30). Calculate the highest common factor of 279 and n.
93
Suppose -116 = -2*b + k, -2*k + 142 = -5*b + 432. Suppose 0 = -11*m - b + 1158. What is the greatest common factor of m and 75?
25
Suppose 0 = -8*u - 7*u + 630. Calculate the greatest common divisor of u and 1232.
14
Suppose 203*m - 165*m - 5472 = 0. What is the highest common divisor of 792 and m?
72
Suppose -2*c = -v + 145, 4*c - 168 + 611 = 3*v. Suppose v = -3*m + 3*s, 4*s + 59 = -m + 3*s. Let a = 73 + m. What is the greatest common factor of a and 12?
6
Let v = 13144 - 13104. What is the greatest common factor of v and 328?
8
Let x = 47 + 34. Let w(y) = -y**3 + 15*y**2 + 55*y - 9. Let r be w(18). Calculate the greatest common divisor of x and r.
9
Let i = 14542 + -14257. Suppose -2*x + 117 = -111. Calculate the highest common divisor of x and i.
57
Suppose -2*d + 3*y = 2*y - 13, 1 = -y. Suppose -127 - 63 = -2*n + 434. What is the highest common factor of n and d?
6
Suppose 57*c = 43*c - 3626. Let y = c - -357. Calculate the greatest common factor of y and 49.
49
Let w(v) = 5*v**2 - 39*v + 144. Let p be w(27). Calculate the greatest common factor of p and 432.
144
Let t be (0 - 1)/(25/(383775/(-21))). Calculate the highest common divisor of 272 and t.
17
Let x(b) = -2*b + 66. Let p be x(19). Calculate the greatest common factor of 1708 and p.
28
Let t be 12/(-2) - (-1760)/40. Calculate the greatest common divisor of t and 4.
2
Let p(h) = -3*h + 30. Let o be p(10). Suppose o = -9*x - 0. Suppose x = 37*b - 35*b - 90. Calculate the highest common divisor of 9 and b.
9
Let j = -211 + 491. Let d be j/(3 - -4) - 1. What is the highest common factor of d and 39?
39
Suppose 2*r = 4*l + l - 834, 0 = -5*l - r + 843. Suppose 35*g = 41*g. Suppose g = 203*w - 207*w + 48. What is the highest common factor of w and l?
12
Let w be (-840)/(-112)*((-276)/5)/(-3). Let y = 183 - w. What is the greatest common divisor of y and 720?
45
Let p(s) be the first derivative of 3*s**3 - 2*s + 3*s**2 + 1/4*s**4 - 26. Let w be p(-6). Calculate the highest common divisor of w and 14.
14
Suppose -6*d + 26 + 4 = 0. Let i be -3 - 6*d/(-5). Let c be (-36)/(i/(-4) + 0). What is the greatest common divisor of 72 and c?
24
Let c(a) = -4258*a + 29924. Let x be c(7). Let q(n) = -29*n + 3. Let v be q(-6). What is the greatest common divisor of v and x?
59
Let m be (-17 - -22)*-99*78/(-45). What is the highest common divisor of m and 33?
33
Let d = 9 + 12. Let f be -4*3*d/(-9). Let j be (-338)/(-91) + 36/(-21) + 2. Calculate the highest common divisor of j and f.
4
Suppose -5*l + 506 + 139 = 0. Let c be (-1)/2*(208 + -46). Let g = l + c. Calculate the highest common factor of g and 336.
48
Suppose 3*i + 12*m = 16*m + 402, -3*i - 5*m = -429. Calculate the highest common factor of i and 1173.
69
Suppose -5540 + 5873 = 37*b. Calculate the highest common factor of b and 963.
9
Suppose -60*a - 175*a = -57*a - 33820. What is the greatest common factor of a and 265?
5
Let r be 113/(13/(-1573)*-11). What is the highest common factor of 33 and r?
11
Suppose -5*f = -q + 586, 3*q + 5*f + 2344 = 7*q. Let w = q - 560. Calculate the greatest common divisor of 754 and w.
26
Suppose -6*k + 6000 = 22*k - 4*k. Calculate the greatest common factor of 25 and k.
25
Let i(k) = 6*k + 3. Let o be i(-2). Let j = o - -19. Let h be ((-35)/j + 2)*-6. What is the highest common divisor of 81 and h?
9
Suppose 35*k + 199320 = 71*k + 115*k. What is the greatest common factor of k and 96?
24
Let v(o) = -10*o + 53. Let h be v(5). Suppose -33*c + 28*c = -2*u + 105, h*c = -15. What is the greatest common factor of 24 and u?
8
Let s = -52 + 59. Suppose s*f + 6 - 48 = 0. Suppose f*a = -a + 1288. What is the greatest common factor of 46 and a?
46
Suppose 2*u - 2173 = -g, 5*u = -10*g + 11*g + 5450. What is the highest common divisor of u and 2376?
99
Let o(f) = -f**3 - 11*f**2 + 137*f - 605. Let m be o(-20). Calculate the greatest common divisor of 11560 and m.
85
Let y(q) = 129*q - 246. Suppose 24 = 3*a + 4*d, 36 = 5*a + 5*d + 1. Let s be y(a). Calculate the greatest common factor of s and 630.
90
Let l = 2031 + -1915. Calculate the greatest common divisor of 1421 and l.
29
Let g be (6 + -2)*((-1413)/(-36) + 9 + -1). What is the greatest common factor of 2394 and g?
63
Let r = -3834 + 3859. Let i be ((-20)/(-30) - (1 + 0))*-3. Calculate the greatest common factor of i and r.
1
Suppose 55 = 2*f + 47. Let g = 24 - -140. What is the greatest common factor of f and g?
4
Suppose -39*o - 52*o = -24*o - 915689. What is the highest common factor of o and 173?
173
Let w(m) = m**2 + 62*m + 581. Let z be w(-11). What is the greatest common divisor of z and 1135?
5
Let y = -2327 + 5107. Calculate the greatest common factor of y and 40.
20
Let i be (-12)/54 + 39045/135. Suppose 0 = 2*c - 14 - 54. What is the highest common divisor of c and i?
17
Suppose 2*j = 30 - 42, -5*j = 5*p - 4155. What is the greatest common divisor of p and 1?
1
Suppose -5*o = -3*o + f - 104, 3*f = 3*o - 120. What is the greatest common factor of 4680 and o?
24
Let l(t) = t**3 - 7*t**2 + 23*t + 120. Let g be l(12). What is the greatest common divisor of 12 and g?
12
Suppose -6*v - 18 = 0, 0 = -2*s + 7*s + v - 277. Calculate the greatest common divisor of s and 11144.
56
Let m(x) = -3*x**3 - 122*x**2 + 36*x - 191. Let d be m(-41). What is the greatest common factor of 15554 and d?
14
Let k = 40698 + -40260. What is the greatest common divisor of k and 8?
2
Suppose -45*x + 261 = -36*x. Let i(q) = 3*q - 55. Let d be i(x). What is the greatest common divisor of 352 and d?
32
Suppose 135622 = 82*m - 5582. Calculate the highest common divisor of m and 105.
21
Let w = 268 - 84. Let o(g) = -8*g**2 - 133*g - 32. Let u be o(-16). Calculate the greatest common divisor of u and w.
8
Suppose 15 = 3*c + 2*c. Let d be 15*(-2 + 2/2). Let s be ((-14)/5)/(6/d). Calculate the greatest common divisor of s and c.
1
Suppose 0 = -5*m + 4*c + 40, -4*m - 5*c = -0*m - 73. Let w(z) = z**2. Let a be w(-2). Suppose a*o - 270 = 258. What is the highest common factor of o and m?
12
Let l be ((-6)/2)/((-9)/54*3). Suppose -l*x = -z - 4*x + 16, -z + 30 = 5*x. What is the highest common divisor of 160 and z?
20
Suppose -72347 = -40*v - 22521 + 37214. What is the highest common divisor of 512 and v?
128
Suppose 3*b + 7984 - 2145 = 4*d, -2*b + 1468 = d. Calculate the highest common divisor of d and 258.
86
Let g be (-1 - -2)/((-5)/25). Let d = 198 + -103. Let b be 2622/d - (-3)/g. What is the greatest common factor of 9 and b?
9
Suppose 11 = -4*m + 3. Let q be (-12)/(m/((-60)/(-9))). Let h(b) = -b**2 + 16*b - 23. Let p be h(14). What is the highest common factor of p and q?
5
Suppose 0 = -19*z + 213 + 167. Suppose -x + z = -2*h, h - 60 = -3*x + 6*h. Let f be 2/2 + 18/2. What is the greatest common factor of x and f?
10
Suppose -7*v - 4*v = 4*v - 101085. What is the greatest common divisor of 23 and v?
23
Let j be 1*-48*(-18)/24. Let k be 5320/4788 + (-71)/(-9). What is the greatest common divisor of j and k?
9
Let h be 17 + -57 + 44 - (-1 + (-2 - -2)). Calculate the greatest common factor of h and 3135.
5
Suppose -76 = 4*c + 3*r - 139, -9 = -c - 3*r. What is the highest common factor of 198 and c?
18
Suppose -11*r - 856 - 222 = 0. Let a be 6*3/(-42) + (-9058